{"id":39,"date":"2019-04-07T20:37:56","date_gmt":"2019-04-07T18:37:56","guid":{"rendered":"http:\/\/www.triforminstitute.com\/?page_id=39"},"modified":"2023-05-09T19:44:25","modified_gmt":"2023-05-09T17:44:25","slug":"nosotros","status":"publish","type":"page","link":"https:\/\/www.triforminstitute.com\/index.php\/nosotros\/","title":{"rendered":"Qui\u00e9nes somos"},"content":{"rendered":"<table style=\"border: 0px solid #000000; width: 650px; height: 552px;\" border=\"0\">\n<tbody>\n<tr style=\"height: 200px;\">\n<td style=\"width: 208.4px; height: 200px;\"><img loading=\"lazy\" decoding=\"async\" class=\"aligncenter\" src=\"http:\/\/www.triforminstitute.com\/wp-content\/uploads\/2019\/06\/Luis4.jpg\" alt=\"\" width=\"129\" height=\"200\" \/><\/td>\n<td style=\"width: 428.4px; height: 200px;\" colspan=\"2\"><span style=\"font-size: 12pt;\"><strong>Luis Espiga<br \/>\n<\/strong>Ingeniero Industrial en Inform\u00e1tica EITI-Madrid.<\/span><br \/>\n<span style=\"font-size: 12pt;\">28 a\u00f1os de experiencia en la industria inform\u00e1tica y de telecomunicaciones en empresas multinacionales, la mitad de ese per\u00edodo como Director General y CEO.<\/span><br \/>\n<span style=\"font-size: 12pt;\">22 a\u00f1os como consultor en desarrollo de organizaciones, identidad corporativa, estrategia, coaching directivo y desarrollo de liderazgo. En el a\u00f1o 2005 funda el Triform Institute.\u00a0 <a href=\"mailto:lespiga@triforminstitute.com\">lespiga@triforminstitute.com<\/a><\/span><\/td>\n<\/tr>\n<tr>\n<td style=\"width: 208.4px;\"><span style=\"font-size: 12pt;\"><strong>\u00a0<\/strong><\/span><\/td>\n<td style=\"width: 172.333px;\"><span style=\"font-size: 12pt;\"><strong>\u00a0<\/strong><\/span><\/td>\n<td><\/td>\n<\/tr>\n<tr style=\"height: 39px;\">\n<td style=\"width: 208.4px; height: 39px;\"><span style=\"font-size: 12pt;\"><strong>Equipo Docente y de coordinaci\u00f3n<\/strong><\/span><\/td>\n<td style=\"width: 172.333px; height: 39px;\"><span style=\"font-size: 12pt;\"><strong>Charo Redondo<\/strong><\/span><\/td>\n<td><\/td>\n<\/tr>\n<tr style=\"height: 39px;\">\n<td style=\"width: 208.4px; height: 39px;\"><\/td>\n<td style=\"width: 172.333px; height: 39px;\"><span style=\"font-size: 12pt;\"><strong>Anna dal Passo<\/strong><\/span><\/td>\n<td><\/td>\n<\/tr>\n<tr style=\"height: 39px;\">\n<td style=\"width: 208.4px; height: 39px;\"><\/td>\n<td style=\"width: 172.333px; height: 39px;\"><span style=\"font-size: 12pt;\"><strong>Christian Palamar<\/strong><\/span><\/td>\n<td><\/td>\n<\/tr>\n<tr>\n<td style=\"width: 208.4px;\"><\/td>\n<td style=\"width: 172.333px;\"><span style=\"font-size: 12pt;\"><strong>Ana Espiga<br \/>\n<\/strong><\/span><\/td>\n<td><\/td>\n<\/tr>\n<tr>\n<td style=\"width: 208.4px;\"><\/td>\n<td style=\"width: 172.333px;\"><span style=\"font-size: 12pt;\"><strong>\u00a0<\/strong><\/span><\/td>\n<td><\/td>\n<\/tr>\n<tr style=\"height: 15px;\">\n<td style=\"width: 208.4px; height: 15px;\"><span style=\"font-size: 12pt;\"><strong>Administraci\u00f3n y Community Manager<br \/>\n<\/strong><\/span><\/td>\n<td style=\"width: 172.333px; height: 15px;\"><span style=\"font-size: 12pt;\"><strong>Ana Espiga<\/strong><\/span><\/td>\n<td style=\"width: 250.467px; height: 15px;\"><a href=\"mailto:admin@triforminstitute.com\"><span style=\"font-size: 12pt;\">admin@triforminstitute.com\u00a0<\/span><\/a><\/td>\n<\/tr>\n<tr style=\"height: 39px;\">\n<td style=\"width: 208.4px; height: 39px;\"><span style=\"font-size: 12pt;\"><strong>Equipo Asesor<\/strong><\/span><\/td>\n<td style=\"width: 172.333px; height: 39px;\"><span style=\"font-size: 12pt;\"><strong>Joan Mel\u00e9<\/strong><\/span><\/td>\n<td style=\"width: 250.467px; height: 39px;\"><span style=\"font-size: 12pt;\"><a href=\"http:\/\/www.dineroyconciencia.org\">Fundaci\u00f3n Dinero y Conciencia<\/a><\/span><\/td>\n<\/tr>\n<tr style=\"height: 39px;\">\n<td style=\"width: 208.4px; height: 39px;\"><\/td>\n<td style=\"width: 172.333px; height: 39px;\"><span style=\"font-size: 12pt;\"><strong>Alexander Schwedeler<\/strong><\/span><\/td>\n<td style=\"width: 250.467px; height: 39px;\"><a href=\"http:\/\/alexanderschwedeler.com\"><span style=\"font-size: 12pt;\">Alexander Schwedeler<\/span><\/a><\/td>\n<\/tr>\n<tr style=\"height: 39px;\">\n<td style=\"width: 208.4px; height: 39px;\"><\/td>\n<td style=\"width: 172.333px; height: 39px;\"><span style=\"font-size: 12pt;\"><strong>Nicanor Perlas<\/strong><\/span><\/td>\n<td style=\"width: 250.467px; height: 39px;\"><a href=\"http:\/\/solutionecosystems.net\/wordpress\"><span style=\"font-size: 12pt;\">Solution Ecosystems<\/span><\/a><\/td>\n<\/tr>\n<tr>\n<td style=\"width: 208.4px;\"><strong><span style=\"font-size: 12pt;\">\u00a0<\/span><\/strong><\/td>\n<td style=\"width: 172.333px;\"><span style=\"font-size: 12pt;\"><strong>\u00a0<\/strong><\/span><\/td>\n<td style=\"width: 250.467px;\"><span style=\"font-size: 12pt;\">\u00a0<\/span><\/td>\n<\/tr>\n<tr>\n<td style=\"width: 208.4px;\"><strong><span style=\"font-size: 12pt;\"> <a href=\"http:\/\/www.triforminstitute.com\/index.php\/clientes\/\"> Clientes e instituciones asociadas\u00a0 <\/a><br \/>\n<\/span><\/strong><\/td>\n<td style=\"width: 172.333px;\"><span style=\"font-size: 12pt;\"><strong>\u00a0<\/strong><\/span><\/td>\n<td style=\"width: 250.467px;\"><span style=\"font-size: 12pt;\">\u00a0<\/span><\/td>\n<\/tr>\n<\/tbody>\n<\/table>\n","protected":false},"excerpt":{"rendered":"<p>Luis Espiga Ingeniero Industrial en Inform\u00e1tica EITI-Madrid. 28 a\u00f1os de experiencia en la industria inform\u00e1tica y de telecomunicaciones en empresas multinacionales, la mitad de ese per\u00edodo como Director General y CEO. 22 a\u00f1os como consultor en desarrollo de organizaciones, identidad corporativa, estrategia, coaching directivo y desarrollo de liderazgo. En el a\u00f1o 2005 funda el Triform &hellip; <\/p>\n<p class=\"link-more\"><a href=\"https:\/\/www.triforminstitute.com\/index.php\/nosotros\/\" class=\"more-link\">Seguir leyendo<span class=\"screen-reader-text\"> \u00abQui\u00e9nes somos\u00bb<\/span><\/a><\/p>\n","protected":false},"author":1,"featured_media":0,"parent":0,"menu_order":0,"comment_status":"closed","ping_status":"closed","template":"","meta":{"footnotes":""},"class_list":["post-39","page","type-page","status-publish","hentry","entry"],"_links":{"self":[{"href":"https:\/\/www.triforminstitute.com\/index.php\/wp-json\/wp\/v2\/pages\/39"}],"collection":[{"href":"https:\/\/www.triforminstitute.com\/index.php\/wp-json\/wp\/v2\/pages"}],"about":[{"href":"https:\/\/www.triforminstitute.com\/index.php\/wp-json\/wp\/v2\/types\/page"}],"author":[{"embeddable":true,"href":"https:\/\/www.triforminstitute.com\/index.php\/wp-json\/wp\/v2\/users\/1"}],"replies":[{"embeddable":true,"href":"https:\/\/www.triforminstitute.com\/index.php\/wp-json\/wp\/v2\/comments?post=39"}],"version-history":[{"count":92,"href":"https:\/\/www.triforminstitute.com\/index.php\/wp-json\/wp\/v2\/pages\/39\/revisions"}],"predecessor-version":[{"id":4283,"href":"https:\/\/www.triforminstitute.com\/index.php\/wp-json\/wp\/v2\/pages\/39\/revisions\/4283"}],"wp:attachment":[{"href":"https:\/\/www.triforminstitute.com\/index.php\/wp-json\/wp\/v2\/media?parent=39"}],"curies":[{"name":"wp","href":"https:\/\/api.w.org\/{rel}","templated":true}]}}