{"id":3,"date":"2019-03-26T11:26:25","date_gmt":"2019-03-26T10:26:25","guid":{"rendered":"http:\/\/www.triforminstitute.com\/?page_id=3"},"modified":"2019-06-11T17:52:54","modified_gmt":"2019-06-11T15:52:54","slug":"politica-privacidad","status":"publish","type":"page","link":"https:\/\/www.triforminstitute.com\/index.php\/politica-privacidad\/","title":{"rendered":"Nuestra Pol\u00edtica de privacidad"},"content":{"rendered":"<p>TRIFORM INSTITUTE S.L. como responsable de este sitio web: www.triforminstitute.com, quiere ofrecerle las mayores garant\u00edas legales en relaci\u00f3n con su privacidad y explicarle con la mayor claridad y transparencia posible, todo lo relativo al tratamiento de la informaci\u00f3n personal que nos proporcione a trav\u00e9s de los diferentes sistemas de captura utilizados en este sitio web.<\/p>\n<p>Hemos actualizado esta pol\u00edtica con el objetivo de explicarle el tipo de datos personales que recogemos, por qu\u00e9 los recogemos y c\u00f3mo puede actualizarlos, gestionarlos, exportarlos y eliminarlos.<\/p>\n<p>TRIFORM INSTITUTE ha adecuado esta web a las exigencias del Reglamento (UE) 2016\/679 del Parlamento Europeo y del Consejo de 27 de abril de 2016 relativo a la protecci\u00f3n de las personas f\u00edsicas (RGPD) para ofrecer m\u00e1ximas garant\u00edas a todos nuestros usuarios, clientes y suscriptores, dentro y fuera de la Uni\u00f3n europea.<\/p>\n<p>Esta Pol\u00edtica tiene la finalidad de ofrecerle toda la informaci\u00f3n necesario sobre qu\u00e9 tipo de informaci\u00f3n personal recopilamos y utilizamos, c\u00f3mo puede controlar su uso, y describe nuestras pr\u00e1cticas relacionadas con la informaci\u00f3n recopilada de los diferentes sitios de TRIFORM INSTITUTE que enlazan o hacen referencia a esta Pol\u00edtica (como, por ejemplo, nuestros sitios web, p\u00e1ginas de redes sociales y mensajes de correo electr\u00f3nico con formato HTML), as\u00ed como a trav\u00e9s de nuestras actividades de marketing en redes sociales.<\/p>\n<p><strong>Responsable del tratamiento de sus datos personales<\/strong><\/p>\n<p>Identidad del responsable: TRIFORM INSTITUTE, S.L.<br \/>\nNIF\/CIF: B82628603<br \/>\nDirecci\u00f3n: Calle Barcelon\u00e9s, 36 08140 Caldes de Montbui<br \/>\nLa direcci\u00f3n de nuestra web es: http:\/\/www.triforminstitute.com<br \/>\nCorreo electr\u00f3nico de contacto: admin@triforminstitute.com<br \/>\nTel\u00e9fono: 619 310 364<br \/>\nCorreo electr\u00f3nico del delegado de protecci\u00f3n de datos: admin@triforminstitute.com<\/p>\n<p><strong>Informaci\u00f3n que recopilamos y su tratamiento<\/strong><\/p>\n<p>A trav\u00e9s de su interacci\u00f3n y uso de la web de TRIFORM INSTITUTE, podemos recopilar informaci\u00f3n personal, que puede incluir, entre otros datos:<\/p>\n<p> \tNombre y direcci\u00f3n f\u00edsica, direcciones de correo electr\u00f3nico y n\u00fameros de tel\u00e9fono<br \/>\n \tInformaci\u00f3n fiscal para la facturaci\u00f3n de los servicios ofrecidos por TRIFORM INSTITUTE.<br \/>\n \tLos datos personales se recopilan a trav\u00e9s de los siguientes medios y con la finalidad siguiente:<br \/>\n \tFormularios de suscripci\u00f3n, para remitir el bolet\u00edn de noticias de la web<br \/>\n \tFormularios de comentarios, para poder comentar los post publicados en el blog.<br \/>\n \tFormulario de contacto, para tramitar encargos, solicitudes o cualquier tipo de petici\u00f3n que realice; adem\u00e1s se remitir\u00e1n comunicaciones comerciales publicitarias por email relacionadas sobre productos ofrecidos en la web, as\u00ed como por parte de los colaboradores o partners con los que se hubiese alcanzado alg\u00fan acuerdo de promoci\u00f3n comercial entre sus clientes, de productos relaciones con tu sector. En este caso, los terceros nunca tendr\u00e1n acceso a los datos personales.<br \/>\n \tCookies, aunque no le identifican como usuario, sino que sirven para realizar estudios estad\u00edsticos.<\/p>\n<p><strong>Contenido incrustado de otros sitios web<\/strong><\/p>\n<p>Los art\u00edculos de este sitio pueden contener contenido incrustado (videos, im\u00e1genes, art\u00edculos, etc). El contenido incrustado de otras web se comporta exactamente de la misma manera que si el visitante hubiera visitado la otra web.<\/p>\n<p>Estas webs pueden recopilar datos sobre el visitante, utilizar cookies, incrustar un seguimiento adicional de terceros y supervisar la interacci\u00f3n con ese contenido incrustado, incluido el seguimiento de la interacci\u00f3n del visitante con el contenido incrustado si tiene una cuenta y est\u00e1 conectado a esa web.<\/p>\n<p>Tratamos su informaci\u00f3n con la finalidad que se describe en esta pol\u00edtica de acuerdo con las siguientes bases legales que nos permiten legitimar el tratamiento:<\/p>\n<p><strong>En base al consentimiento<\/strong><\/p>\n<p>Solicitamos su consentimiento para tratar su informaci\u00f3n para finalidades determinadas y tiene derecho a revocar su consentimiento en cualquier momento. Por ejemplo, pedimos su consentimiento para ofrecerle informaci\u00f3n promocional sobre nuestros servicios o productos o para suscribirle a nuestra newsletter.<\/p>\n<p><strong>En el ejercicio de intereses leg\u00edtimos<\/strong><\/p>\n<p>Tratamos su informaci\u00f3n para defender nuestros intereses leg\u00edtimos y los de terceros, como por ejemplo, cumplir las obligaciones con nuestros clientes y partners<\/p>\n<p><strong>Para prestar un servicio<\/strong><\/p>\n<p>Tratamos sus datos para prestarle el servicio que haya contratado, incluyendo la gesti\u00f3n del pedido, el pago y todas las operaciones relacionadas con la contrataci\u00f3n. Esto incluye enviarle correos electr\u00f3nicos, facturas, recibos, avisos de morosidad, etc.<\/p>\n<p><strong>Para cumplir nuestras obligaciones legales<\/strong><\/p>\n<p>Trataremos sus datos para cumplir una obligaci\u00f3n legal que as\u00ed lo requiera o un requerimiento de una autoridad de control competente<\/p>\n<p><strong>Ejercicio de derechos arco: Acceso, Rectificaci\u00f3n, Cancelaci\u00f3n y Oposici\u00f3n<\/strong><\/p>\n<p>En cualquier momento puede ejercitar sus derechos de acceso, rectificaci\u00f3n, cancelaci\u00f3n y oposici\u00f3n a trav\u00e9s del correo electr\u00f3nico: admin@triforminstitute.com junto con prueba v\u00e1lida en derecho, como fotocopia del D.N.I. o equivalente, indicando en el asunto \u201cProtecci\u00f3n de Datos\u201d.<\/p>\n<p>Igualmente podr\u00e1 dirigir la comunicaci\u00f3n por correo postal a la direcci\u00f3n: Triform Institute, S.L. C\/Barcelon\u00e9s, 36 08140 Caldes de Montbui (Barcelona)<\/p>\n<p><strong>\u00bfCon qu\u00e9 destinatarios compartimos informaci\u00f3n?<\/strong><\/p>\n<p>Para poder prestarle los servicios estrictamente necesarios para el desarrollo de nuestra actividad, utilizamos los siguientes prestadores de servicios bajo sus correspondientes condiciones de privacidad.<\/p>\n<p>Estos proveedores s\u00f3lo tendr\u00e1n acceso a los datos estrictamente necesarios para realizar su actividad, y no podr\u00e1n utilizar la informaci\u00f3n para otro fin.<\/p>\n<p><strong>Hosting:<\/strong><\/p>\n<p>Dinahosting S.L. www.dinahosting.com<br \/>\nB-15805419<br \/>\nR\u00faa das Salvadas 41, baixo 15705 Santiago de Compostela (A Coru\u00f1a)<br \/>\nT.: (+34) 981 040 200<br \/>\nT.: 900 854 000<br \/>\nF.: (+34) 981 577 449<br \/>\ninfo@dinahosting.com<\/p>\n<p>Se puede consultar la pol\u00edtica de privacidad y dem\u00e1s aspectos legales de la compa\u00f1\u00eda en el siguiente enlace https:\/\/dinahosting.com\/legal\/proteccion-datos<\/p>\n<p><strong>Conservaci\u00f3n y eliminaci\u00f3n<\/strong><\/p>\n<p>TRIFORM INSTITUTE conservar\u00e1 su informaci\u00f3n personal durante el tiempo que su cuenta est\u00e9 activa; seg\u00fan sea necesario para proporcionarle productos o servicios; seg\u00fan sea necesario para los fines descritos en esta Pol\u00edtica o en el momento de la recopilaci\u00f3n; seg\u00fan sea necesario para cumplir con nuestras obligaciones legales, resolver conflictos y aplicar nuestros acuerdos, o en la medida permitida por la ley. Una vez finalicen estos plazos, sus datos ser\u00e1n bloqueados y\/o suprimidos<\/p>\n<p><strong>Redes sociales<\/strong><\/p>\n<p>En la web ofrecemos enlaces y servicios relacionados con las diferentes redes sociales. Por lo que si es miembro de una red social y hace clic sobre el correspondiente enlace, el proveedor de la red social podr\u00e1 enlazar sus datos de perfil con la informaci\u00f3n de su visita a la web.<\/p>\n<p>Puede acceder en todo momento a las pol\u00edticas de privacidad de las diferentes redes sociales, as\u00ed como configurar su perfil para garantizar su privacidad. Por ejemplo, Facebook: https:\/\/www.facebook.com\/about\/privacy\/<\/p>\n","protected":false},"excerpt":{"rendered":"<p>TRIFORM INSTITUTE S.L. como responsable de este sitio web: www.triforminstitute.com, quiere ofrecerle las mayores garant\u00edas legales en relaci\u00f3n con su privacidad y explicarle con la mayor claridad y transparencia posible, todo lo relativo al tratamiento de la informaci\u00f3n personal que nos proporcione a trav\u00e9s de los diferentes sistemas de captura utilizados en este sitio web. &hellip; <\/p>\n<p class=\"link-more\"><a href=\"https:\/\/www.triforminstitute.com\/index.php\/politica-privacidad\/\" class=\"more-link\">Seguir leyendo<span class=\"screen-reader-text\"> \u00abNuestra Pol\u00edtica de privacidad\u00bb<\/span><\/a><\/p>\n","protected":false},"author":1,"featured_media":0,"parent":0,"menu_order":0,"comment_status":"closed","ping_status":"open","template":"","meta":{"footnotes":""},"class_list":["post-3","page","type-page","status-publish","hentry","entry"],"_links":{"self":[{"href":"https:\/\/www.triforminstitute.com\/index.php\/wp-json\/wp\/v2\/pages\/3"}],"collection":[{"href":"https:\/\/www.triforminstitute.com\/index.php\/wp-json\/wp\/v2\/pages"}],"about":[{"href":"https:\/\/www.triforminstitute.com\/index.php\/wp-json\/wp\/v2\/types\/page"}],"author":[{"embeddable":true,"href":"https:\/\/www.triforminstitute.com\/index.php\/wp-json\/wp\/v2\/users\/1"}],"replies":[{"embeddable":true,"href":"https:\/\/www.triforminstitute.com\/index.php\/wp-json\/wp\/v2\/comments?post=3"}],"version-history":[{"count":19,"href":"https:\/\/www.triforminstitute.com\/index.php\/wp-json\/wp\/v2\/pages\/3\/revisions"}],"predecessor-version":[{"id":736,"href":"https:\/\/www.triforminstitute.com\/index.php\/wp-json\/wp\/v2\/pages\/3\/revisions\/736"}],"wp:attachment":[{"href":"https:\/\/www.triforminstitute.com\/index.php\/wp-json\/wp\/v2\/media?parent=3"}],"curies":[{"name":"wp","href":"https:\/\/api.w.org\/{rel}","templated":true}]}}