{"id":2,"date":"2019-03-26T11:26:25","date_gmt":"2019-03-26T10:26:25","guid":{"rendered":"http:\/\/www.triforminstitute.com\/?page_id=2"},"modified":"2022-11-12T23:25:31","modified_gmt":"2022-11-12T22:25:31","slug":"pagina-ejemplo","status":"publish","type":"page","link":"https:\/\/www.triforminstitute.com\/","title":{"rendered":""},"content":{"rendered":"<h2><\/h2>\n<p><img decoding=\"async\" src=\".\/wp-content\/uploads\/2022\/11\/forum.jpg\" \/><br \/>\n<span style=\"font-size: 15pt;\">Se celebrar\u00e1 en ROMA. Presencial y on-line<\/span><br \/>\n<a href=\"http:\/\/www.triforminstitute.com\/wp-content\/uploads\/2022\/11\/forum.pdf\" target=\"_blank\" rel=\"noopener noreferrer\"><br \/>\n<span style=\"font-size: 12pt;\">&lt;<strong>Mas informacion<\/strong>&gt;<\/span><\/a><br \/>\n<a href=\"http:\/\/www.triforminstitute.com\/wp-content\/uploads\/2022\/11\/inscripcion.pdf\" target=\"_blank\" rel=\"noopener noreferrer\"><br \/>\n<span style=\"font-size: 12pt;\">&lt;<strong>Inscripciones<\/strong>&gt;<\/span><\/a><\/p>\n<h2><span style=\"font-size: 18pt; font-family: helvetica, arial, sans-serif;\">La Triformaci\u00f3n Social: un impulso de sanaci\u00f3n para la empresa, como organismo vivo<\/span><\/h2>\n<p>Esta fundamental aportaci\u00f3n de Rudolf Steiner permite comprender en profundidad qu\u00e9 es un ser humano y qu\u00e9 es un organismo social (organizaci\u00f3n, empresa o sociedad en general). Ayudamos a la empresa a comprenderse a s\u00ed misma como un organismo vivo, a comprender la propia identidad, su emocionalidad y sus procesos, para poder superar las dificultades que inevitablemente acompa\u00f1an su desarrollo. Este es el enfoque que inspira nuestra visi\u00f3n de la <a href=\"http:\/\/www.triforminstitute.com\/index.php\/desarrollo-de-organizaciones\/\">&lt;<strong>consultor\u00eda<\/strong>&gt;<\/a><\/p>\n<p>Durante diecisiete a\u00f1os, el Triform Institute viene capacitando a personas que buscan soluciones pr\u00e1cticas a los retos diarios de trabajar en equipo, desarrollar su liderazgo y encontrar el sentido de la existencia de la empresa y del propio trabajo. Nuestras formaciones se imparten en Barcelona, Madrid, Almer\u00eda, Sevilla, Cadiz, Zaragoza, Palma y Santander.\u00a0 <a href=\"http:\/\/www.triforminstitute.com\/index.php\/formacion\/\">&lt;<strong>Cursos<\/strong>&gt;<\/a><\/p>\n<table style=\"height: 115px;\" width=\"558\">\n<tbody>\n<tr>\n<td style=\"width: 339.75px;\"><a href=\"http:\/\/www.triforminstitute.com\/index.php\/contactar\/\"><span style=\"font-size: 10pt;\"><span style=\"font-size: 12pt;\">&lt;<strong>Contactar con cada zona<\/strong>&gt;<\/span><\/span><\/a><\/p>\n<p><img decoding=\"async\" src=\".\/wp-content\/uploads\/2021\/09\/mapa1.jpg\" \/><\/p>\n<p>&nbsp;<\/td>\n<td style=\"width: 203.45px;\"><strong><span style=\"font-size: 14pt;\">Una visi\u00f3n hol\u00edstica de las Organizaciones: Luis Espiga en TEDx<\/span><\/strong><br \/>\n<a href=\"https:\/\/www.youtube.com\/watch?v=75yGYy-r-vc\" target=\"_blank\" rel=\"noopener noreferrer\"><span class=\"leermas\" style=\"font-size: 14pt;\"><strong><span style=\"font-size: 12pt;\">Ver video<\/span><\/strong><\/span><img decoding=\"async\" src=\".\/wp-content\/uploads\/2019\/05\/TED.jpg\" \/><\/a><\/td>\n<\/tr>\n<\/tbody>\n<\/table>\n","protected":false},"excerpt":{"rendered":"<p>Se celebrar\u00e1 en ROMA. Presencial y on-line &lt;Mas informacion&gt; &lt;Inscripciones&gt; La Triformaci\u00f3n Social: un impulso de sanaci\u00f3n para la empresa, como organismo vivo Esta fundamental aportaci\u00f3n de Rudolf Steiner permite comprender en profundidad qu\u00e9 es un ser humano y qu\u00e9 es un organismo social (organizaci\u00f3n, empresa o sociedad en general). Ayudamos a la empresa a &hellip; <\/p>\n<p class=\"link-more\"><a href=\"https:\/\/www.triforminstitute.com\/\" class=\"more-link\">Seguir leyendo<span class=\"screen-reader-text\"> \u00ab\u00bb<\/span><\/a><\/p>\n","protected":false},"author":1,"featured_media":0,"parent":0,"menu_order":0,"comment_status":"closed","ping_status":"open","template":"","meta":{"footnotes":""},"class_list":["post-2","page","type-page","status-publish","hentry","entry"],"_links":{"self":[{"href":"https:\/\/www.triforminstitute.com\/index.php\/wp-json\/wp\/v2\/pages\/2"}],"collection":[{"href":"https:\/\/www.triforminstitute.com\/index.php\/wp-json\/wp\/v2\/pages"}],"about":[{"href":"https:\/\/www.triforminstitute.com\/index.php\/wp-json\/wp\/v2\/types\/page"}],"author":[{"embeddable":true,"href":"https:\/\/www.triforminstitute.com\/index.php\/wp-json\/wp\/v2\/users\/1"}],"replies":[{"embeddable":true,"href":"https:\/\/www.triforminstitute.com\/index.php\/wp-json\/wp\/v2\/comments?post=2"}],"version-history":[{"count":177,"href":"https:\/\/www.triforminstitute.com\/index.php\/wp-json\/wp\/v2\/pages\/2\/revisions"}],"predecessor-version":[{"id":3967,"href":"https:\/\/www.triforminstitute.com\/index.php\/wp-json\/wp\/v2\/pages\/2\/revisions\/3967"}],"wp:attachment":[{"href":"https:\/\/www.triforminstitute.com\/index.php\/wp-json\/wp\/v2\/media?parent=2"}],"curies":[{"name":"wp","href":"https:\/\/api.w.org\/{rel}","templated":true}]}}